031
Convert -12211020 (base 3) to base 2.
-1000010010101
222 (base 4) to base 11
39
What is 10551 (base 6) in base 10?
1507
Convert 1140 (base 11) to base 16.
5d8
Convert 714 (base 8) to base 16.
1cc
What is -2310 (base 4) in base 13?
-10b
What is 20002012 (base 4) in base 7?
164632
What is -1a68 (base 13) in base 16?
-f85
Convert -1111012 (base 3) to base 15.
-4c5
Convert 2bad (base 14) to base 10.
7797
Convert -14a6 (base 11) to base 7.
-5426
16505 (base 7) to base 11
35a1
Convert -4106 (base 7) to base 15.
-652
Convert 4263 (base 8) to base 6.
14151
What is -17906 (base 11) in base 5?
-1300203
Convert -21123 (base 4) to base 3.
-211100
Convert 1033 (base 5) to base 4.
2033
306d (base 16) to base 2
11000001101101
What is 1da (base 15) in base 7?
1153
What is -4432 (base 5) in base 6?
-2505
Convert 1111 (base 6) to base 4.
10003
Convert -221212 (base 4) to base 9.
-3577
Convert 2200 (base 8) to base 5.
14102
Convert 5cd5 (base 14) to base 12.
94ab
Convert -441211 (base 5) to base 3.
-202211021
What is -444 (base 5) in base 13?
-97
What is -4101 (base 5) in base 16?
-20e
30033230 (base 4) to base 7
266141
33032 (base 4) to base 11
806
What is -3031324 (base 5) in base 10?
-48964
Convert 200243 (base 5) to base 16.
18b3
3869 (base 13) to base 2
1111101011110
-1e7 (base 16) to base 2
-111100111
266 (base 14) to base 7
1256
Convert -111101101101001 (base 2) to base 3.
-1121100010
What is -149c5 (base 15) in base 3?
-10100222212
Convert -343301 (base 6) to base 2.
-111001001010101
Convert -2799 (base 11) to base 9.
-4858
Convert 62131 (base 8) to base 2.
110010001011001
Convert -200 (base 13) to base 6.
-1322
-883 (base 9) to base 8
-1323
-2418 (base 16) to base 15
-2b10
23a (base 11) to base 9
346
5ca (base 16) to base 8
2712
Convert 11d (base 16) to base 6.
1153
Convert 2a5 (base 11) to base 3.
111020
What is a3 (base 12) in base 14?
8b
Convert -4536 (base 12) to base 14.
-2b22
Convert -6543 (base 10) to base 6.
-50143
Convert 46670 (base 8) to base 12.
b620
Convert 13212 (base 5) to base 14.
557
Convert 6503 (base 8) to base 6.
23415
-200011 (base 3) to base 12
-34a
-11000000 (base 3) to base 5
-43131
Convert 63407 (base 8) to base 7.
136616
What is -1564 (base 16) in base 11?
-4129
71a (base 13) to base 4
102312
What is 11100000 (base 2) in base 7?
440
What is 1966 (base 10) in base 3?
2200211
Convert -1090 (base 10) to base 14.
-57c
Convert 175 (base 16) to base 8.
565
Convert 4042 (base 15) to base 8.
32372
What is 94cb (base 14) in base 8?
62073
-424 (base 15) to base 5
-12214
Convert -111212010 (base 3) to base 16.
-2775
What is -31725 (base 11) in base 7?
-251325
Convert 1cd (base 16) to base 4.
13031
1001112 (base 3) to base 7
2150
Convert 21303311 (base 4) to base 11.
28209
Convert -50233 (base 7) to base 3.
-121122011
Convert -512 (base 11) to base 15.
-2b3
Convert 13444 (base 11) to base 14.
6db0
What is 411521 (base 7) in base 4?
101021120
What is 1f8 (base 16) in base 15?
239
What is -4781 (base 15) in base 2?
-11101101011100
12122 (base 3) to base 5
1102
What is 1120111 (base 3) in base 16?
47b
22311 (base 4) to base 3
221200
What is -12bb (base 15) in base 9?
-5435
What is -151213 (base 6) in base 15?
-44a3
Convert 1231113 (base 4) to base 5.
210444
3330122 (base 4) to base 11
11156
What is -220220002 (base 3) in base 4?
-10123202
What is c88 (base 13) in base 14?
acc
Convert 6532 (base 9) to base 13.
225b
-1443442 (base 5) to base 13
-11220
Convert -2102002 (base 3) to base 7.
-5060
What is 34301 (base 5) in base 9?
3323
341 (base 16) to base 6
3505
What is 1540 (base 8) in base 10?
864
212434 (base 5) to base 16
1c4c
What is -66113 (base 7) in base 13?
-76a0
-196 (base 15) to base 3
-111120
What is 5205 (base 7) in base 4?
130122
What is 6840 (base 9) in base 16?
13c2
What is 3303 (base 4) in base 5?
1433
What is 1454 (base 7) in base 8?
1102
What is -958 (base 16) in base 11?
-1885
Convert 10100010 (base 2) to base 14.
b8
-50141 (base 7) to base 4
-2330303
1642 (base 13) to base 5
101030
-3d (base 15) to base 14
-42
What is 1a51 (base 15) in base 8?
13105
58ee (base 16) to base 2
101100011101110
Convert -202110101 (base 3) to base 8.
-35102
Convert 1212 (base 5) to base 6.
502
-3ac5 (base 16) to base 2
-11101011000101
4166 (base 10) to base 3
12201022
What is 10120100 (base 3) in base 7?
10404
Convert -20320 (base 5) to base 16.
-537
What is -1021 (base 15) in base 3?
-11200011
Convert 8c0 (base 13) to base 6.
10552
What is 11046 (base 7) in base 6?
20510
4041 (base 6) to base 12
621
What is 10101 (base 7) in base 11?
1929
Convert -10042 (base 5) to base 14.
-343
Convert -10001101110101 (base 2) to base 10.
-9077
Convert -163541 (base 7) to base 15.
-997b
What is -269 (base 16) in base 6?
-2505
What is -110100101001010 (base 2) in base 12?
-13722
9a09 (base 11) to base 4
3032032
What is 2bc (base 14) in base 16?
22e
9211 (base 12) to base 14
5ac5
What is 3eed (base 16) in base 8?
37355
-664 (base 7) to base 5
-2330
2221 (base 3) to base 6
211
Convert -105 (base 13) to base 14.
-c6
Convert -23b (base 15) to base 13.
-2cc
Convert -19d0 (base 15) to base 11.
-4227
Convert -258b (base 14) to base 3.
-100001010
Convert -1433 (base 8) to base 9.
-1073
Convert 11111011001 (base 2) to base 5.
31014
Convert -6933 (base 10) to base 9.
-10453
What is 10011111 (base 2) in base 16?
9f
-25a (base 15) to base 2
-1000010111
What is -4211 (base 9) in base 11?
-2358
Convert -10403 (base 5) to base 9.
-888
What is 3100 (base 5) in base 2?
110010000
Convert b (base 13) to base 16.
b
Convert 12577 (base 8) to base 2.
1010101111111
22240 (base 7) to base 11
4244
What is 250044 (base 7) in base 12?
22503
-25840 (base 10) to base 13
-b9b9
Convert 1102210022 (base 3) to base 2.
110111001110101
-28b (base 15) to base 11
-489
Convert 10110111 (base 2) to base 4.
2313
What is -20030 (base 4) in base 7?
-1346
-13004 (base 7) to base 5
-102214
What is -1125 (base 15) in base 4?
-320303
Convert 2a8 (base 12) to base 14.
21a
Convert 33211 (base 6) to base 2.
1001000000111
Convert -1030 (base 6) to base 8.
-352
-161160 (base 7) to base 6
-402303
Convert 35a (base 11) to base 13.
26c
420 (base 5) to base 6
302
Convert 13203302 (base 4) to base 3.
1120110202
Convert 3789 (base 12) to base 16.
1899
Convert 217 (base 13) to base 8.
546
What is -1705b (base 14) in base 10?
-57705
What is 11103 (base 7) in base 4?
223230
101010101 (base 2) to base 8
525
-2211121 (base 3) to base 8
-4024
What is -1301213 (base 4) in base 5?
-213041
-2c3 (base 13) to base 4
-13301
What is c450 (base 16) in base 13?
19b4b
14971 (base 10) to base 6
153151
What is 1111 (base 7) in base 14?
208
Convert ec0 (base 15) to base 9.
4510
673 (base 8) to base 13
281
Convert -147d (base 15) to base 2.
-1000100101001
What is 26 (base 9) in base 3?
220
1011101110110 (base 2) to base 12
3586
What is 352 (base 14) in base 3?
220110
What is -a009 (base 13) in base 16?
-55db
1172 (base 12) to base 4
132212
-7914 (base 14) to base 6
-241102
Convert 2211122010 (base 3) to base 2.
1101101000111010
What is 14432 (base 5) in base 12?
876
Convert 26892 (base 11) to base 2.
1001010111000001
Convert -6283 (base 11) to base 13.
-3a2c
-1394 (base 11) to base 2
-11100000101
-2453 (base 6) to base 10
-609
What is 2945 (base 13) in base 12?
3558
a52a (base 12) to base 6
215254
What is -5287 (base 9) in base 6?
-25554
Convert -d01 (base 15) to base 14.
-10d0
What is -2333 (base 12) in base 3?
-12101110
1022023 (base 4) to base 2
1001010001011
-11001101110 (base 2) to base 8
-3156
-23566 (base 7) to base 11
-4668
Convert -1115a (base 14) to base 7.
-231543
Convert 44c9 (base 14) to base 2.
10111010100001
Convert 2126 (base 7) to base 13.
461
-254 (base 13) to base 5
-3112
What is 116521 (base 7) in base 16?
5416
-6144 (base 7) to base 12
-12a3
What is 56a7 (base 11) in base 7?
30601
What is 3a22 (base 15) in base 14?
4743
Convert -110100101001011 (base 2) to base 10.
-26955
Convert -14ad (base 15) to base 12.
-269a
Convert b58 (base 14) to base 7.
6341
What is 10022112 (base 3) in base 10?
2417
Convert 1487 (base 10) to base 6.
10515
What is 20a19 (base 12) in base 5?
2333213
-263 (base 10) to base 5
-2023
-5328 (base 10) to base 15
-18a3
Convert 1110001011 (base 2) to base 4.
32023
Convert -35147 (base 8) to ba